{"id":2,"date":"2006-04-22T16:02:19","date_gmt":"2006-04-22T14:02:19","guid":{"rendered":""},"modified":"2014-06-20T10:23:49","modified_gmt":"2014-06-20T09:23:49","slug":"autor","status":"publish","type":"page","link":"https:\/\/www.glosa.info\/?page_id=2","title":{"rendered":"O podka\u015bcie"},"content":{"rendered":"<p><img decoding=\"async\" class=\"alignright\" title=\"Autor podkastu\" alt=\"Autor podkastu\" src=\"https:\/\/glosa.info\/grafika\/autor.jpg\" align=\"right\" border=\"1\" \/>Autorem podkastu jest <a title=\"Link do strony domowej autora\" href=\"http:\/\/www.pawelpiotrowicz.com\" target=\"_blank\">Pawe\u0142 Adam Piotrowicz<\/a>, kt\u00f3ry od pa\u017adziernika 2006 do lutego 2010 roku prowadzi\u0142 audycj\u0119 o ksi\u0105\u017ckach w warszawskim <a title=\"Link do strony Radia Kampus\" href=\"http:\/\/www.radiokampus.waw.pl\" target=\"_blank\">Radiu Kampus<\/a>.<\/p>\n<p><strong>O &#8222;Glosie&#8221; napisali:<\/strong><\/p>\n<p>&#8211; Wojciech Orli\u0144ski w &#8222;Gazecie Wyborczej&#8221; z 14.12.2006 (za <a title=\"Link do artyku\u0142u w \" href=\"http:\/\/www.gazetawyborcza.pl\/1,76842,3794059.html\" target=\"_blank\">www.gazetawyborcza.pl<\/a>), artyku\u0142 &#8222;2006 &#8211; rok spe\u0142nionego cyfrowego proroctwa&#8221;: <em>&#8222;Tak jak Youtube wykreowa\u0142o kilka nowych s\u0142awnych twarzy, tak podkasty wykreowa\u0142y nowe s\u0142awne g\u0142osy &#8211; spor\u0105 popularno\u015bci\u0105 w Polsce cieszy si\u0119 na przyk\u0142ad podkast &#8222;Glosa&#8221; o nowo\u015bciach ksi\u0105\u017ckowych prowadzony przez Paw\u0142a Piotrowicza (mieszka\u0144cy Warszawy mog\u0105 go zna\u0107 z anteny akademickiego Radia Kampus)&#8221;.<\/em><\/p>\n<p>&#8211; Olgierd Cygan w <a title=\"Link do artyku\u0142u w Wirtualnemedia.pl\" href=\"http:\/\/wirtualnemedia.pl\/document,,1901260,Boom_na_podcasty.html\" target=\"_blank\">Wirtualnemedia.pl<\/a> z 31.10.2006, artyku\u0142 &#8222;Boom na podcasty&#8221;: <em>&#8222;Najpopularniejsze polskie i zagraniczne podcasty: (&#8230;) https:\/\/www.glosa.info\/ &#8211; witryna autora podcastu o rynku ksi\u0105\u017cek w Polsce i na \u015bwiecie&#8221;.<\/em><\/p>\n<p>&#8211; Recenzja w serwisie <a title=\"Link do recenzji w iTunes.org.pl\" href=\"http:\/\/www.itunes.org.pl\/podcast\/45,41\" target=\"_blank\">iTunes.org.pl<\/a>:<em> &#8222;Fantastyczny polski podkast dla wszystkich mi\u0142o\u015bnik\u00f3w ksi\u0105\u017cek. Nie tylko ksi\u0105\u017cek audio, ale przede wszystkim tradycyjnych &#8211; tych, wiecie, takich papierowych, z ok\u0142adkami, do czytania. (&#8230;) Bardzo fajny podkast, dobrze zrobiony, sensowny, trafiaj\u0105cy w niszowe potrzeby niszowej cz\u0119\u015bci spo\u0142ecze\u0144stwa, kt\u00f3ra ma jakiekolwiek wy\u017csze potrzeby kulturalne&#8221;.<\/em><\/p>\n<p>Podkast &#8222;Glosa&#8221; nominowany by\u0142 do nagrody &#8222;<a title=\"Link do listy nominowanych stron\" href=\"http:\/\/www.papierowyekran.pl\/index.php?s=wyniki\" target=\"_blank\">Papierowy Ekran<\/a> 2007&#8243; &#8211; konkursu na najlepszy serwis internetowy o ksi\u0105\u017cce.<\/p>\n<p>Wszystkie uwagi i komentarze prosz\u0119 kierowa\u0107 na adres <a href=\"mailto:pawel[wstaw_at]piotrowicz.info\">pawel[at]piotrowicz.info<\/a>.<\/p>\n<p><strong>Adres korespondencyjny:<\/strong><br \/>\nPawe\u0142 Adam Piotrowicz<br \/>\n00-987 Warszawa 4<br \/>\nskrytka pocztowa 291<\/p>\n<p>Za zawarto\u015b\u0107 zewn\u0119trznych stron internetowych, do kt\u00f3rych odnosz\u0105 si\u0119 linki zamieszczone w tym serwisie, autor nie ponosi \u017cadnej odpowiedzialno\u015bci.<\/p>\n<p>Do oprawy muzycznej podkastu wykorzystany zosta\u0142 utw\u00f3r Santic &#8222;Boll Weevil Holler&#8221; z p\u0142yty &#8222;Ain&#8217;t Gonna Hurt Nobody&#8221;. Dzi\u0119kuj\u0119 kompozytorowi i wytw\u00f3rni za zgod\u0119 na wykorzystanie muzyki.<\/p>\n<p>Grafika \u00a9 <a title=\"Link do istockphoto\" href=\"http:\/\/www.istockphoto.com\" target=\"_blank\">www.istockphoto.com<\/a><\/p>\n<p>Copyright \u00a9 Pawe\u0142 Adam Piotrowicz, 2006-2010<\/p>\n","protected":false},"excerpt":{"rendered":"<p>Autorem podkastu jest Pawe\u0142 Adam Piotrowicz, kt\u00f3ry od pa\u017adziernika 2006 do lutego 2010 roku prowadzi\u0142 audycj\u0119 o ksi\u0105\u017ckach w warszawskim Radiu Kampus. O &#8222;Glosie&#8221; napisali: &#8211; Wojciech Orli\u0144ski w &#8222;Gazecie Wyborczej&#8221; z 14.12.2006 (za www.gazetawyborcza.pl), artyku\u0142 &#8222;2006 &#8211; rok spe\u0142nionego cyfrowego proroctwa&#8221;: &#8222;Tak jak Youtube wykreowa\u0142o kilka nowych s\u0142awnych twarzy, tak podkasty wykreowa\u0142y nowe s\u0142awne [&hellip;]<\/p>\n","protected":false},"author":1,"featured_media":0,"parent":0,"menu_order":0,"comment_status":"open","ping_status":"open","template":"","meta":{"footnotes":""},"class_list":["post-2","page","type-page","status-publish","hentry"],"_links":{"self":[{"href":"https:\/\/www.glosa.info\/index.php?rest_route=\/wp\/v2\/pages\/2","targetHints":{"allow":["GET"]}}],"collection":[{"href":"https:\/\/www.glosa.info\/index.php?rest_route=\/wp\/v2\/pages"}],"about":[{"href":"https:\/\/www.glosa.info\/index.php?rest_route=\/wp\/v2\/types\/page"}],"author":[{"embeddable":true,"href":"https:\/\/www.glosa.info\/index.php?rest_route=\/wp\/v2\/users\/1"}],"replies":[{"embeddable":true,"href":"https:\/\/www.glosa.info\/index.php?rest_route=%2Fwp%2Fv2%2Fcomments&post=2"}],"version-history":[{"count":8,"href":"https:\/\/www.glosa.info\/index.php?rest_route=\/wp\/v2\/pages\/2\/revisions"}],"predecessor-version":[{"id":129,"href":"https:\/\/www.glosa.info\/index.php?rest_route=\/wp\/v2\/pages\/2\/revisions\/129"}],"wp:attachment":[{"href":"https:\/\/www.glosa.info\/index.php?rest_route=%2Fwp%2Fv2%2Fmedia&parent=2"}],"curies":[{"name":"wp","href":"https:\/\/api.w.org\/{rel}","templated":true}]}}